{"id":126,"date":"2014-08-20T20:43:32","date_gmt":"2014-08-20T18:43:32","guid":{"rendered":"http:\/\/www.reseoit.se\/?page_id=126"},"modified":"2020-10-26T08:30:15","modified_gmt":"2020-10-26T07:30:15","slug":"janne-nordlander","status":"publish","type":"page","link":"https:\/\/www.reseoit.se\/index.php\/janne-nordlander\/","title":{"rendered":"Janne Nordlander"},"content":{"rendered":"<div id='welcome'  class='av-layout-grid-container av-7w7fzh-0beadef475c10513cfbced196a56ee71 entry-content-wrapper main_color av-fixed-cells  avia-builder-el-0  el_before_av_layout_row  avia-builder-el-first   container_wrap sidebar_right'  >\n\n<style type=\"text\/css\" data-created_by=\"avia_inline_auto\" id=\"style-css-av-7p7cd9-4ac2742e1b09060ff0aa25ac45e204b9\">\n.flex_cell.av-7p7cd9-4ac2742e1b09060ff0aa25ac45e204b9{\nvertical-align:top;\nheight:15px;\nmin-height:15px;\nbackground-color:#2388C2;\n}\n.responsive #top #wrap_all .flex_cell.av-7p7cd9-4ac2742e1b09060ff0aa25ac45e204b9{\npadding:0px 0px 0px 0px !important;\n}\n<\/style>\n<div class='flex_cell av-7p7cd9-4ac2742e1b09060ff0aa25ac45e204b9 av-gridrow-cell av_one_fourth no_margin  avia-builder-el-1  el_before_av_cell_one_fourth  avia-builder-el-first  av-zero-padding' ><div class='flex_cell_inner'><\/div><\/div>\n<style type=\"text\/css\" data-created_by=\"avia_inline_auto\" id=\"style-css-av-7ibiat-3e06bc54aff65b59d23d4e37030213e5\">\n.flex_cell.av-7ibiat-3e06bc54aff65b59d23d4e37030213e5{\nvertical-align:top;\nheight:15px;\nmin-height:15px;\nbackground-color:#379cd6;\n}\n.responsive #top #wrap_all .flex_cell.av-7ibiat-3e06bc54aff65b59d23d4e37030213e5{\npadding:0px 0px 0px 0px !important;\n}\n<\/style>\n<div class='flex_cell av-7ibiat-3e06bc54aff65b59d23d4e37030213e5 av-gridrow-cell av_one_fourth no_margin  avia-builder-el-2  el_after_av_cell_one_fourth  el_before_av_cell_one_fourth  av-zero-padding' ><div class='flex_cell_inner'><\/div><\/div>\n<style type=\"text\/css\" data-created_by=\"avia_inline_auto\" id=\"style-css-av-qa5x9-1de72140fbe073416ead223a7ce31c48\">\n.flex_cell.av-qa5x9-1de72140fbe073416ead223a7ce31c48{\nvertical-align:top;\nheight:15px;\nmin-height:15px;\nbackground-color:#5fb4e4;\n}\n.responsive #top #wrap_all .flex_cell.av-qa5x9-1de72140fbe073416ead223a7ce31c48{\npadding:0px 0px 0px 0px !important;\n}\n<\/style>\n<div class='flex_cell av-qa5x9-1de72140fbe073416ead223a7ce31c48 av-gridrow-cell av_one_fourth no_margin  avia-builder-el-3  el_after_av_cell_one_fourth  el_before_av_cell_one_fourth  av-zero-padding' ><div class='flex_cell_inner'><\/div><\/div>\n<style type=\"text\/css\" data-created_by=\"avia_inline_auto\" id=\"style-css-av-777sn1-efeeedc4c6651d2dbbd51b69e77296b1\">\n.flex_cell.av-777sn1-efeeedc4c6651d2dbbd51b69e77296b1{\nvertical-align:top;\nheight:15px;\nmin-height:15px;\nbackground-color:#80c7ef;\n}\n.responsive #top #wrap_all .flex_cell.av-777sn1-efeeedc4c6651d2dbbd51b69e77296b1{\npadding:0px 0px 0px 0px !important;\n}\n<\/style>\n<div class='flex_cell av-777sn1-efeeedc4c6651d2dbbd51b69e77296b1 av-gridrow-cell av_one_fourth no_margin  avia-builder-el-4  el_after_av_cell_one_fourth  avia-builder-el-last  av-zero-padding' ><div class='flex_cell_inner'><\/div><\/div>\n<\/div>\n<div id='hello'  class='av-layout-grid-container av-6zgost-6d9b5b63f737e20a406c0b91560d8a38 entry-content-wrapper main_color av-flex-cells  avia-builder-el-5  el_after_av_layout_row  el_before_av_layout_row  grid-row-not-first  container_wrap sidebar_right'  >\n\n<style type=\"text\/css\" data-created_by=\"avia_inline_auto\" id=\"style-css-av-oto9h-e2eb8320068b79021d78748ea1812d60\">\n.flex_cell.av-oto9h-e2eb8320068b79021d78748ea1812d60{\nvertical-align:top;\n}\n.responsive #top #wrap_all .flex_cell.av-oto9h-e2eb8320068b79021d78748ea1812d60{\npadding:100px 100px 100px 100px !important;\n}\n<\/style>\n<div class='flex_cell av-oto9h-e2eb8320068b79021d78748ea1812d60 av-gridrow-cell av_one_half no_margin  avia-builder-el-6  el_before_av_cell_one_half  avia-builder-el-first ' ><div class='flex_cell_inner'><p>\n<style type=\"text\/css\" data-created_by=\"avia_inline_auto\" id=\"style-css-av-av_heading-03fd0b52552ddadca12f8243544a640e\">\n#top .av-special-heading.av-av_heading-03fd0b52552ddadca12f8243544a640e{\npadding-bottom:30px;\ncolor:#999999;\nfont-size:60px;\n}\nbody .av-special-heading.av-av_heading-03fd0b52552ddadca12f8243544a640e .av-special-heading-tag .heading-char{\nfont-size:25px;\n}\n#top #wrap_all .av-special-heading.av-av_heading-03fd0b52552ddadca12f8243544a640e .av-special-heading-tag{\nfont-size:60px;\n}\n.av-special-heading.av-av_heading-03fd0b52552ddadca12f8243544a640e .special-heading-inner-border{\nborder-color:#999999;\n}\n.av-special-heading.av-av_heading-03fd0b52552ddadca12f8243544a640e .av-subheading{\nfont-size:15px;\n}\n\n@media only screen and (min-width: 480px) and (max-width: 767px){ \n#top #wrap_all .av-special-heading.av-av_heading-03fd0b52552ddadca12f8243544a640e .av-special-heading-tag{\nfont-size:0.8em;\n}\n}\n\n@media only screen and (max-width: 479px){ \n#top #wrap_all .av-special-heading.av-av_heading-03fd0b52552ddadca12f8243544a640e .av-special-heading-tag{\nfont-size:0.8em;\n}\n}\n<\/style>\n<div  class='av-special-heading av-av_heading-03fd0b52552ddadca12f8243544a640e av-special-heading-h1 custom-color-heading blockquote modern-quote  avia-builder-el-7  el_before_av_textblock  avia-builder-el-first  av-inherit-size'><h1 class='av-special-heading-tag'  itemprop=\"headline\"  >Janne Nordlander<\/h1><div class=\"special-heading-border\"><div class=\"special-heading-inner-border\"><\/div><\/div><\/div><br \/>\n<section  class='av_textblock_section av-kgi0w9s9-acf3d4e9cf041d51e0defce46b3a75d3'  itemscope=\"itemscope\" itemtype=\"https:\/\/schema.org\/CreativeWork\" ><div class='avia_textblock'  itemprop=\"text\" ><p>F\u00f6dd 1955 och med \u00e5lderns r\u00e4tt har jag nu dragit ner p\u00e5 takten men \u00e4r fortfarande engagerad i egen verksamhet med investeringar i startups och begr\u00e4nsade konsult- och styrelseuppdrag. Jag har ju som framg\u00e5r stor erfarenhet som entrepren\u00f6r och av att driva verksamheter, speciellt inom resor &amp; IT, och \u00e4r tillg\u00e4nglig f\u00f6r s\u00e5v\u00e4l styrelse- som konsult- och interims uppdrag.<\/p>\n<p>Jag har min bakgrund i reseindustrin. B\u00f6rjade som reseledare f\u00f6r Sn\u00f6resor 1979. Efter f\u00e4rdiga studier (internationell ekonomi) och olika jobb, bl a p\u00e5 Ericsson, fick jag jobb som ansvarig f\u00f6r STS Alpresor. Gick d\u00e4refter vidare till Lion Alpin och som VD p\u00e5 Lion Tours AB som i mitten av 80-talet var stora p\u00e5 bussresor till Alperna och kontinenten.<\/p>\n<p>1990 tog jag \u00f6ver ansvaret f\u00f6r Lion Ferrys marknadsavdelningar och ombord service (tax free butiker, restaurant, bar, hotell). Lion Ferry var en del av Stena Line med f\u00e4rjetrafik mellan Varberg-Gren\u00e5, Halmstad-Gren\u00e5 och Karlskrona-Gdynia, och i huvudsak 4 marknader. I uppdraget ingick \u00e4ven en aktiv roll i att driva gemensam utveckling av boknings system mm f\u00f6r Stena Line koncernens f\u00e4rjerederier.<\/p>\n<p>1995 blev jag \u00e4gare till Lion Alpin och Lion Beach. Under slutet av 90-talet var Lion Alpin en av Sveriges st\u00f6rsta arrang\u00f6rer till Alperna med 15.000 skidresen\u00e4rer till 15 resm\u00e5l, charterflyg, buss och bil. Lion Alpin s\u00e5ldes \u00e5r 2000 till Scandorama.<\/p>\n<p>1996 startade vi Webwerkstaden, sedermera \u201dezy\u201d. ezy utvecklades snabbt till specialist p\u00e5 resor, webb och online system med fokus p\u00e5 internationella resef\u00f6retag, i huvudsak flygbolag runt om i v\u00e4rlden, som mest ett 40-tal flygbolag i alla v\u00e4rldsdelar.\u00a0Jag verkade som VD i bolaget fram till 2014 och som aktiv styrelseordf\u00f6rande fram till 2016 d\u00e5 bolaget s\u00e5ldes till v\u00e5r partner i USA, Radixx som sedermera k\u00f6ptes upp av Sabre. Jag fortsatte som \u201dsenior consultant\u201d fram till \u00e5rsskiftet 2019\/2020.<\/p>\n<p>2017 startade jag researrang\u00f6ren \u201dGo InStyle\u201d med inriktning p\u00e5 skr\u00e4ddarsydda kvalitetsresor till bl a Indiska Oceanen, Karibien, Afrika och Asien. Tyv\u00e4rr blev vi n\u00f6dsakade att l\u00e4gga ner verksamheten n\u00e4r vi drabbades av reserestriktionerna i samband med Corona utbrottet v\u00e5ren 2020.<\/p>\n<p>Har du n\u00e5t kul p\u00e5 g\u00e5ng eller beh\u00f6ver st\u00f6d av en erfaren entrepren\u00f6r, h\u00f6r av dig!<\/p>\n<\/div><\/section><br \/>\n\n<style type=\"text\/css\" data-created_by=\"avia_inline_auto\" id=\"style-css-av-6elgth-24f203aaabd835b625ca6134311dc062\">\n#top .hr.hr-invisible.av-6elgth-24f203aaabd835b625ca6134311dc062{\nheight:20px;\n}\n<\/style>\n<div  class='hr av-6elgth-24f203aaabd835b625ca6134311dc062 hr-invisible  avia-builder-el-9  el_after_av_textblock  avia-builder-el-last '><span class='hr-inner '><span class=\"hr-inner-style\"><\/span><\/span><\/div><\/p>\n<\/div><\/div>\n<style type=\"text\/css\" data-created_by=\"avia_inline_auto\" id=\"style-css-av-oto9h-f9b41233beb89b2e4e18b264b7a22e71\">\n.flex_cell.av-oto9h-f9b41233beb89b2e4e18b264b7a22e71{\nvertical-align:top;\nbackground:url(https:\/\/www.reseoit.se\/wp-content\/uploads\/2020\/10\/schilthorn-3033448_1920-1030x687.jpg) 0% 0% no-repeat scroll ;\n}\n.responsive #top #wrap_all .flex_cell.av-oto9h-f9b41233beb89b2e4e18b264b7a22e71{\npadding:100px 100px 100px 100px !important;\n}\n<\/style>\n<div class='flex_cell av-oto9h-f9b41233beb89b2e4e18b264b7a22e71 av-gridrow-cell av_one_half no_margin  avia-builder-el-10  el_after_av_cell_one_half  avia-builder-el-last  avia-full-stretch' ><div class='flex_cell_inner'><\/div><\/div><\/div><div id='welcome'  class='av-layout-grid-container av-7w7fzh-0beadef475c10513cfbced196a56ee71 entry-content-wrapper main_color av-fixed-cells  avia-builder-el-11  el_after_av_layout_row  avia-builder-el-last  grid-row-not-first  container_wrap sidebar_right'  >\n\n<style type=\"text\/css\" data-created_by=\"avia_inline_auto\" id=\"style-css-av-7p7cd9-4ac2742e1b09060ff0aa25ac45e204b9\">\n.flex_cell.av-7p7cd9-4ac2742e1b09060ff0aa25ac45e204b9{\nvertical-align:top;\nheight:15px;\nmin-height:15px;\nbackground-color:#2388C2;\n}\n.responsive #top #wrap_all .flex_cell.av-7p7cd9-4ac2742e1b09060ff0aa25ac45e204b9{\npadding:0px 0px 0px 0px !important;\n}\n<\/style>\n<div class='flex_cell av-7p7cd9-4ac2742e1b09060ff0aa25ac45e204b9 av-gridrow-cell av_one_fourth no_margin  avia-builder-el-12  el_before_av_cell_one_fourth  avia-builder-el-first  av-zero-padding' ><div class='flex_cell_inner'><\/div><\/div>\n<style type=\"text\/css\" data-created_by=\"avia_inline_auto\" id=\"style-css-av-7ibiat-3e06bc54aff65b59d23d4e37030213e5\">\n.flex_cell.av-7ibiat-3e06bc54aff65b59d23d4e37030213e5{\nvertical-align:top;\nheight:15px;\nmin-height:15px;\nbackground-color:#379cd6;\n}\n.responsive #top #wrap_all .flex_cell.av-7ibiat-3e06bc54aff65b59d23d4e37030213e5{\npadding:0px 0px 0px 0px !important;\n}\n<\/style>\n<div class='flex_cell av-7ibiat-3e06bc54aff65b59d23d4e37030213e5 av-gridrow-cell av_one_fourth no_margin  avia-builder-el-13  el_after_av_cell_one_fourth  el_before_av_cell_one_fourth  av-zero-padding' ><div class='flex_cell_inner'><\/div><\/div>\n<style type=\"text\/css\" data-created_by=\"avia_inline_auto\" id=\"style-css-av-qa5x9-1de72140fbe073416ead223a7ce31c48\">\n.flex_cell.av-qa5x9-1de72140fbe073416ead223a7ce31c48{\nvertical-align:top;\nheight:15px;\nmin-height:15px;\nbackground-color:#5fb4e4;\n}\n.responsive #top #wrap_all .flex_cell.av-qa5x9-1de72140fbe073416ead223a7ce31c48{\npadding:0px 0px 0px 0px !important;\n}\n<\/style>\n<div class='flex_cell av-qa5x9-1de72140fbe073416ead223a7ce31c48 av-gridrow-cell av_one_fourth no_margin  avia-builder-el-14  el_after_av_cell_one_fourth  el_before_av_cell_one_fourth  av-zero-padding' ><div class='flex_cell_inner'><\/div><\/div>\n<style type=\"text\/css\" data-created_by=\"avia_inline_auto\" id=\"style-css-av-777sn1-efeeedc4c6651d2dbbd51b69e77296b1\">\n.flex_cell.av-777sn1-efeeedc4c6651d2dbbd51b69e77296b1{\nvertical-align:top;\nheight:15px;\nmin-height:15px;\nbackground-color:#80c7ef;\n}\n.responsive #top #wrap_all .flex_cell.av-777sn1-efeeedc4c6651d2dbbd51b69e77296b1{\npadding:0px 0px 0px 0px !important;\n}\n<\/style>\n<div class='flex_cell av-777sn1-efeeedc4c6651d2dbbd51b69e77296b1 av-gridrow-cell av_one_fourth no_margin  avia-builder-el-15  el_after_av_cell_one_fourth  avia-builder-el-last  av-zero-padding' ><div class='flex_cell_inner'><\/div><\/div>\n<\/div>\n","protected":false},"excerpt":{"rendered":"","protected":false},"author":2,"featured_media":429,"parent":0,"menu_order":0,"comment_status":"open","ping_status":"open","template":"","meta":[],"_links":{"self":[{"href":"https:\/\/www.reseoit.se\/index.php\/wp-json\/wp\/v2\/pages\/126"}],"collection":[{"href":"https:\/\/www.reseoit.se\/index.php\/wp-json\/wp\/v2\/pages"}],"about":[{"href":"https:\/\/www.reseoit.se\/index.php\/wp-json\/wp\/v2\/types\/page"}],"author":[{"embeddable":true,"href":"https:\/\/www.reseoit.se\/index.php\/wp-json\/wp\/v2\/users\/2"}],"replies":[{"embeddable":true,"href":"https:\/\/www.reseoit.se\/index.php\/wp-json\/wp\/v2\/comments?post=126"}],"version-history":[{"count":20,"href":"https:\/\/www.reseoit.se\/index.php\/wp-json\/wp\/v2\/pages\/126\/revisions"}],"predecessor-version":[{"id":532,"href":"https:\/\/www.reseoit.se\/index.php\/wp-json\/wp\/v2\/pages\/126\/revisions\/532"}],"wp:featuredmedia":[{"embeddable":true,"href":"https:\/\/www.reseoit.se\/index.php\/wp-json\/wp\/v2\/media\/429"}],"wp:attachment":[{"href":"https:\/\/www.reseoit.se\/index.php\/wp-json\/wp\/v2\/media?parent=126"}],"curies":[{"name":"wp","href":"https:\/\/api.w.org\/{rel}","templated":true}]}}